{"id":226,"date":"2020-04-14T10:55:50","date_gmt":"2020-04-14T10:55:50","guid":{"rendered":"https:\/\/bjg.webh.ovh\/?page_id=226"},"modified":"2020-06-09T13:36:39","modified_gmt":"2020-06-09T12:36:39","slug":"cession-et-acquition","status":"publish","type":"page","link":"https:\/\/bjg.be\/?page_id=226","title":{"rendered":"Cession et acquisition"},"content":{"rendered":"<p><\/p>\n<figure><img loading=\"lazy\" decoding=\"async\" src=\"https:\/\/bjg.be\/wp-content\/uploads\/2020\/04\/Cession-3196481_1920.jpg\" alt=\"\" width=\"1920\" height=\"1280\" \/><\/figure>\n<p><\/p>\n<p>L\u2019approche de <b>Joassart &amp; Goffin Consulting <\/b>, bas\u00e9e sur l\u2019exp\u00e9rience, peut \u00eatre d\u00e9crite de la fa\u00e7on suivante :<\/p>\n<p><\/p>\n<ul class=\"wp-block-list\">\n<li style=\"list-style-type: none;\">\n<ul>\n<li style=\"list-style-type: none;\">\n<ul>\n<li>Dans un premier temps, d\u00e9finir et concr\u00e9tiser avec le chef d\u2019entreprise la situation de l\u2019entreprise (audit organisationnel), la strat\u00e9gie d\u2019approche c\u00e9dant ou acqu\u00e9reur \u00e0 suivre, les moyens financiers disponibles ou le montant de cession souhait\u00e9.<\/li>\n<li>V\u00e9rifier sur le march\u00e9 l\u2019int\u00e9r\u00eat potentiel de l\u2019entreprise \u00e0 acqu\u00e9rir ou \u00e0 c\u00e9der, en analysant le march\u00e9 sp\u00e9cifique de l\u2019entreprise et en prenant si n\u00e9cessaire de premiers contacts informels.<\/li>\n<li>Sur base des 3 ou 5 derniers exercices comptables et sur les projections pour les ann\u00e9es \u00e0 venir, si elles existent, d\u00e9finir la valeur de l\u2019entreprise, concr\u00e9tiser les forces et les faiblesses ainsi que les opportunit\u00e9s et les risques du dossier.<\/li>\n<li>\u00c9tablir un dossier complet de transmission ou d\u2019acquisition.<\/li>\n<li>D\u00e9finir la strat\u00e9gie de n\u00e9gociation et la tactique \u00e0 mettre en place. Suivant le souhait du chef d\u2019entreprise, mener, participer \u00e0, ou rester disponible lors des n\u00e9gociations d\u2019achat-vente. Avec nos partenaires ext\u00e9rieures, nous supportons le chef d\u2019entreprise dans la partie contractuelle de la transaction.<\/li>\n<li>\u00c0 la suite d\u2019une acquisition,\u00a0 <b>Joassart &amp; Goffin Consulting<\/b> apporte un support \u00e9ventuel au chef d\u2019entreprise lors de la reprise des nouvelles activit\u00e9s.<\/li>\n<\/ul>\n<\/li>\n<\/ul>\n<\/li>\n<\/ul>\n<p><\/p>\n<p><\/p>\t\t\n\t\t\t<a href=\"https:\/\/bjg.be\/?page_id=454\" role=\"button\">\n\t\t\t\t\t\tPlus d&rsquo;info\n\t\t\t\t\t<\/a>","protected":false},"excerpt":{"rendered":"<p>L\u2019approche de Joassart &amp; Goffin Consulting , bas\u00e9e sur l\u2019exp\u00e9rience, peut \u00eatre d\u00e9crite de la fa\u00e7on suivante : Dans un premier temps, d\u00e9finir et concr\u00e9tiser avec le chef d\u2019entreprise la situation de l\u2019entreprise (audit organisationnel), la strat\u00e9gie d\u2019approche c\u00e9dant ou acqu\u00e9reur \u00e0 suivre, les moyens financiers disponibles ou le montant de cession souhait\u00e9. V\u00e9rifier sur &hellip; <\/p>\n<p class=\"link-more\"><a href=\"https:\/\/bjg.be\/?page_id=226\" class=\"more-link\">Continuer la lecture<span class=\"screen-reader-text\"> de &laquo;&nbsp;Cession et acquisition&nbsp;&raquo;<\/span><\/a><\/p>\n","protected":false},"author":1,"featured_media":0,"parent":0,"menu_order":0,"comment_status":"closed","ping_status":"closed","template":"","meta":{"footnotes":""},"class_list":["post-226","page","type-page","status-publish","hentry"],"_links":{"self":[{"href":"https:\/\/bjg.be\/index.php?rest_route=\/wp\/v2\/pages\/226","targetHints":{"allow":["GET"]}}],"collection":[{"href":"https:\/\/bjg.be\/index.php?rest_route=\/wp\/v2\/pages"}],"about":[{"href":"https:\/\/bjg.be\/index.php?rest_route=\/wp\/v2\/types\/page"}],"author":[{"embeddable":true,"href":"https:\/\/bjg.be\/index.php?rest_route=\/wp\/v2\/users\/1"}],"replies":[{"embeddable":true,"href":"https:\/\/bjg.be\/index.php?rest_route=%2Fwp%2Fv2%2Fcomments&post=226"}],"version-history":[{"count":21,"href":"https:\/\/bjg.be\/index.php?rest_route=\/wp\/v2\/pages\/226\/revisions"}],"predecessor-version":[{"id":808,"href":"https:\/\/bjg.be\/index.php?rest_route=\/wp\/v2\/pages\/226\/revisions\/808"}],"wp:attachment":[{"href":"https:\/\/bjg.be\/index.php?rest_route=%2Fwp%2Fv2%2Fmedia&parent=226"}],"curies":[{"name":"wp","href":"https:\/\/api.w.org\/{rel}","templated":true}]}}