{"id":639,"date":"2020-04-23T07:30:22","date_gmt":"2020-04-23T07:30:22","guid":{"rendered":"https:\/\/bjg.webh.ovh\/?page_id=639"},"modified":"2023-03-31T14:07:45","modified_gmt":"2023-03-31T13:07:45","slug":"alain-piekarek","status":"publish","type":"page","link":"https:\/\/bjg.be\/?page_id=639","title":{"rendered":"Nos associ\u00e9s"},"content":{"rendered":"\n<div class=\"wp-block-group\"><div class=\"wp-block-group__inner-container is-layout-flow wp-block-group-is-layout-flow\"><\/div><\/div>\n\n\n\n<div class=\"wp-block-media-text alignwide is-stacked-on-mobile is-vertically-aligned-top\"><figure class=\"wp-block-media-text__media\"><img loading=\"lazy\" decoding=\"async\" width=\"619\" height=\"826\" src=\"https:\/\/bjg.be\/wp-content\/uploads\/2020\/04\/Photo-site-AP.png\" alt=\"\" class=\"wp-image-146 size-full\" srcset=\"https:\/\/bjg.be\/wp-content\/uploads\/2020\/04\/Photo-site-AP.png 619w, https:\/\/bjg.be\/wp-content\/uploads\/2020\/04\/Photo-site-AP-225x300.png 225w\" sizes=\"auto, (max-width: 619px) 100vw, 619px\" \/><\/figure><div class=\"wp-block-media-text__content\">\n<p><strong>ALAIN PIEKAREK<\/strong><\/p>\n\n\n\n<p>Administrateur D\u00e9l\u00e9gu\u00e9 \/ Associ\u00e9<br>Ing\u00e9nieur Civil ULi\u00e8ge<br>Enseignant HEC \/ HENALLUX<br>Coach Venturelab<br>Administrateur de soci\u00e9t\u00e9s<\/p>\n<\/div><\/div>\n\n\n\n<div class=\"wp-block-group\"><div class=\"wp-block-group__inner-container is-layout-flow wp-block-group-is-layout-flow\"><\/div><\/div>\n\n\n\n<div class=\"wp-block-media-text alignwide is-stacked-on-mobile\"><figure class=\"wp-block-media-text__media\"><img loading=\"lazy\" decoding=\"async\" width=\"729\" height=\"1024\" src=\"https:\/\/bjg.be\/wp-content\/uploads\/2020\/05\/Jean-Claude-e1588402080835-729x1024.jpg\" alt=\"\" class=\"wp-image-721 size-full\" srcset=\"https:\/\/bjg.be\/wp-content\/uploads\/2020\/05\/Jean-Claude-e1588402080835-729x1024.jpg 729w, https:\/\/bjg.be\/wp-content\/uploads\/2020\/05\/Jean-Claude-e1588402080835-213x300.jpg 213w, https:\/\/bjg.be\/wp-content\/uploads\/2020\/05\/Jean-Claude-e1588402080835-768x1079.jpg 768w, https:\/\/bjg.be\/wp-content\/uploads\/2020\/05\/Jean-Claude-e1588402080835-1093x1536.jpg 1093w, https:\/\/bjg.be\/wp-content\/uploads\/2020\/05\/Jean-Claude-e1588402080835.jpg 1122w\" sizes=\"auto, (max-width: 729px) 100vw, 729px\" \/><\/figure><div class=\"wp-block-media-text__content\">\n<p><strong>JEAN-CLAUDE VAN OVERMEIRE<\/strong><\/p>\n\n\n\n<p>Administrateur \/ Associ\u00e9<br>Ing\u00e9nieur civil de l&rsquo;Universit\u00e9 de Louvain <br>Dipl\u00f4m\u00e9 de la Louvain School of Management<br>Administrateur de soci\u00e9t\u00e9s<\/p>\n<\/div><\/div>\n\n\n\n<div class=\"wp-block-media-text alignwide is-stacked-on-mobile is-vertically-aligned-top\"><figure class=\"wp-block-media-text__media\"><img loading=\"lazy\" decoding=\"async\" width=\"769\" height=\"1024\" src=\"https:\/\/bjg.be\/wp-content\/uploads\/2020\/04\/LUC_9344-COULEUR-PORTRAIT-769x1024.jpg\" alt=\"D Joris\" class=\"wp-image-34 size-full\" srcset=\"https:\/\/bjg.be\/wp-content\/uploads\/2020\/04\/LUC_9344-COULEUR-PORTRAIT-769x1024.jpg 769w, https:\/\/bjg.be\/wp-content\/uploads\/2020\/04\/LUC_9344-COULEUR-PORTRAIT-225x300.jpg 225w, https:\/\/bjg.be\/wp-content\/uploads\/2020\/04\/LUC_9344-COULEUR-PORTRAIT-768x1022.jpg 768w, https:\/\/bjg.be\/wp-content\/uploads\/2020\/04\/LUC_9344-COULEUR-PORTRAIT-1154x1536.jpg 1154w, https:\/\/bjg.be\/wp-content\/uploads\/2020\/04\/LUC_9344-COULEUR-PORTRAIT-1539x2048.jpg 1539w, https:\/\/bjg.be\/wp-content\/uploads\/2020\/04\/LUC_9344-COULEUR-PORTRAIT.jpg 1686w\" sizes=\"auto, (max-width: 767px) 89vw, (max-width: 1000px) 54vw, (max-width: 1071px) 543px, 580px\" \/><\/figure><div class=\"wp-block-media-text__content\">\n<p><strong>DIDIER JORIS<\/strong><\/p>\n\n\n\n<p>Administrateur \/ Associ\u00e9<br>Dipl\u00f4m\u00e9 de Hec Li\u00e8ge et de la Louvain School of Management<br>Ma\u00eetre de conf\u00e9rences \u00e0 HEC Li\u00e8ge (ULi\u00e8ge)<br>Administrateur de soci\u00e9t\u00e9s<\/p>\n<\/div><\/div>\n","protected":false},"excerpt":{"rendered":"<p>ALAIN PIEKAREK Administrateur D\u00e9l\u00e9gu\u00e9 \/ Associ\u00e9Ing\u00e9nieur Civil ULi\u00e8geEnseignant HEC \/ HENALLUXCoach VenturelabAdministrateur de soci\u00e9t\u00e9s JEAN-CLAUDE VAN OVERMEIRE Administrateur \/ Associ\u00e9Ing\u00e9nieur civil de l&rsquo;Universit\u00e9 de Louvain Dipl\u00f4m\u00e9 de la Louvain School of ManagementAdministrateur de soci\u00e9t\u00e9s DIDIER JORIS Administrateur \/ Associ\u00e9Dipl\u00f4m\u00e9 de Hec Li\u00e8ge et de la Louvain School of ManagementMa\u00eetre de conf\u00e9rences \u00e0 HEC Li\u00e8ge (ULi\u00e8ge)Administrateur &hellip; <\/p>\n<p class=\"link-more\"><a href=\"https:\/\/bjg.be\/?page_id=639\" class=\"more-link\">Continuer la lecture<span class=\"screen-reader-text\"> de &laquo;&nbsp;Nos associ\u00e9s&nbsp;&raquo;<\/span><\/a><\/p>\n","protected":false},"author":1,"featured_media":0,"parent":0,"menu_order":0,"comment_status":"closed","ping_status":"closed","template":"","meta":{"footnotes":""},"class_list":["post-639","page","type-page","status-publish","hentry"],"_links":{"self":[{"href":"https:\/\/bjg.be\/index.php?rest_route=\/wp\/v2\/pages\/639","targetHints":{"allow":["GET"]}}],"collection":[{"href":"https:\/\/bjg.be\/index.php?rest_route=\/wp\/v2\/pages"}],"about":[{"href":"https:\/\/bjg.be\/index.php?rest_route=\/wp\/v2\/types\/page"}],"author":[{"embeddable":true,"href":"https:\/\/bjg.be\/index.php?rest_route=\/wp\/v2\/users\/1"}],"replies":[{"embeddable":true,"href":"https:\/\/bjg.be\/index.php?rest_route=%2Fwp%2Fv2%2Fcomments&post=639"}],"version-history":[{"count":21,"href":"https:\/\/bjg.be\/index.php?rest_route=\/wp\/v2\/pages\/639\/revisions"}],"predecessor-version":[{"id":900,"href":"https:\/\/bjg.be\/index.php?rest_route=\/wp\/v2\/pages\/639\/revisions\/900"}],"wp:attachment":[{"href":"https:\/\/bjg.be\/index.php?rest_route=%2Fwp%2Fv2%2Fmedia&parent=639"}],"curies":[{"name":"wp","href":"https:\/\/api.w.org\/{rel}","templated":true}]}}