{"id":913,"date":"2024-02-16T12:02:33","date_gmt":"2024-02-16T11:02:33","guid":{"rendered":"https:\/\/bjg.be\/?page_id=913"},"modified":"2024-02-16T13:41:03","modified_gmt":"2024-02-16T12:41:03","slug":"integration-de-lia-generative-au-sein-des-processus-de-gestion","status":"publish","type":"page","link":"https:\/\/bjg.be\/?page_id=913","title":{"rendered":"Int\u00e9gration de l&rsquo;IA g\u00e9n\u00e9rative au sein des processus de gestion"},"content":{"rendered":"\n<p class=\"has-medium-font-size\"><strong>Adapter avec nous votre entreprise aux d\u00e9fis de l\u2019intelligence artificielle<\/strong><\/p>\n\n\n\n<p>Joassart &amp; Goffin est \u00e0 la pointe de l&rsquo;innovation en mati\u00e8re de conseil aux entreprises.<\/p>\n\n\n\n<p>Notre expertise en intelligence artificielle (IA) nous distingue, en offrant des solutions qui am\u00e9liorent les processus de gestion en g\u00e9n\u00e9ral, la gestion des ressources humaines, la vente, et le marketing en particulier.<\/p>\n\n\n\n<p><strong>Int\u00e9gration de l&rsquo;IA dans les Processus de gestion administrative<\/strong><\/p>\n\n\n\n<p>Notre connaissance de l\u2019IA nous permet d&rsquo;initier nos clients \u00e0 l&rsquo;utilisation de l&rsquo;intelligence artificielle de mani\u00e8re concr\u00e8te et efficace. Cela inclut la mise en place d&rsquo;outils et la formation des \u00e9quipes pour automatiser et optimiser certaines t\u00e2ches.<\/p>\n\n\n\n<p><strong>Avantages de l&rsquo;IA en mati\u00e8re de RH<\/strong><\/p>\n\n\n\n<p>L&rsquo;int\u00e9gration de l&rsquo;IA dans les processus RH offre une multitude d&rsquo;avantages, allant de l&rsquo;am\u00e9lioration de la gestion des engagements \u00e0 l&rsquo;optimisation des entretiens d&rsquo;\u00e9valuation. Nos recommandations bas\u00e9es sur l&rsquo;IA permettent d&rsquo;affiner la politique des ressources humaines, de la r\u00e9daction de descriptions de fonction \u00e0 une gestion plus efficace des \u00e9valuations de performance ou des besoins en formation.<\/p>\n\n\n\n<p><strong>R\u00e9volutionner la Vente et le Marketing avec l&rsquo;IA<\/strong><\/p>\n\n\n\n<p>Dans le domaine de la vente, l&rsquo;IA g\u00e9n\u00e9rative est un atout pr\u00e9cieux pour la prospection, permettant une gestion des leads commerciaux plus rapide et plus structur\u00e9e. En marketing, l&rsquo;utilisation de l&rsquo;IA acc\u00e9l\u00e8re la mise en place de strat\u00e9gies d&rsquo;approche du march\u00e9, tant au niveau local qu&rsquo;international, et offre un outil puissant pour l&rsquo;analyse concurrentielle. L\u2019IA est devenu totalement incontournable pour toute entreprise qui souhaite conserver sa comp\u00e9titivit\u00e9 et augmenter son attractivit\u00e9.<\/p>\n\n\n\n<p><strong>L\u2019apport de Joassart et Goffin<\/strong><\/p>\n\n\n\n<p>Notre approche structur\u00e9e \u00e0 l&rsquo;utilisation de l&rsquo;IA dans les entreprises permet d&rsquo;int\u00e9grer ces technologies de mani\u00e8re fluide dans leurs processus existants, apportant une valeur ajout\u00e9e significative sans perturber les op\u00e9rations courantes. Que ce soit pour une entreprise marchande ou non marchande, notre expertise garantit une transition en douceur vers des m\u00e9thodes de travail plus innovantes et efficaces.<\/p>\n\n\n\n<p><\/p>\n","protected":false},"excerpt":{"rendered":"<p>Adapter avec nous votre entreprise aux d\u00e9fis de l\u2019intelligence artificielle Joassart &amp; Goffin est \u00e0 la pointe de l&rsquo;innovation en mati\u00e8re de conseil aux entreprises. Notre expertise en intelligence artificielle (IA) nous distingue, en offrant des solutions qui am\u00e9liorent les processus de gestion en g\u00e9n\u00e9ral, la gestion des ressources humaines, la vente, et le marketing &hellip; <\/p>\n<p class=\"link-more\"><a href=\"https:\/\/bjg.be\/?page_id=913\" class=\"more-link\">Continuer la lecture<span class=\"screen-reader-text\"> de &laquo;&nbsp;Int\u00e9gration de l&rsquo;IA g\u00e9n\u00e9rative au sein des processus de gestion&nbsp;&raquo;<\/span><\/a><\/p>\n","protected":false},"author":1,"featured_media":0,"parent":0,"menu_order":0,"comment_status":"closed","ping_status":"closed","template":"","meta":{"footnotes":""},"class_list":["post-913","page","type-page","status-publish","hentry"],"_links":{"self":[{"href":"https:\/\/bjg.be\/index.php?rest_route=\/wp\/v2\/pages\/913","targetHints":{"allow":["GET"]}}],"collection":[{"href":"https:\/\/bjg.be\/index.php?rest_route=\/wp\/v2\/pages"}],"about":[{"href":"https:\/\/bjg.be\/index.php?rest_route=\/wp\/v2\/types\/page"}],"author":[{"embeddable":true,"href":"https:\/\/bjg.be\/index.php?rest_route=\/wp\/v2\/users\/1"}],"replies":[{"embeddable":true,"href":"https:\/\/bjg.be\/index.php?rest_route=%2Fwp%2Fv2%2Fcomments&post=913"}],"version-history":[{"count":2,"href":"https:\/\/bjg.be\/index.php?rest_route=\/wp\/v2\/pages\/913\/revisions"}],"predecessor-version":[{"id":936,"href":"https:\/\/bjg.be\/index.php?rest_route=\/wp\/v2\/pages\/913\/revisions\/936"}],"wp:attachment":[{"href":"https:\/\/bjg.be\/index.php?rest_route=%2Fwp%2Fv2%2Fmedia&parent=913"}],"curies":[{"name":"wp","href":"https:\/\/api.w.org\/{rel}","templated":true}]}}